{"id":221,"date":"2026-02-16T14:35:52","date_gmt":"2026-02-16T14:35:52","guid":{"rendered":"https:\/\/lostinfantasy.fr\/?page_id=221"},"modified":"2026-02-28T08:20:29","modified_gmt":"2026-02-28T08:20:29","slug":"trigger-warning","status":"publish","type":"page","link":"https:\/\/lostinfantasy.fr\/index.php\/trigger-warning\/","title":{"rendered":"TRIGGER WARNING"},"content":{"rendered":"\n<p><em>Lost in Fantasy<\/em> est destin\u00e9 \u00e0 un public adulte.<\/p>\n\n\n\n<p>La narration adopte un ton marqu\u00e9 par l&rsquo;humour noir et le d\u00e9calage. Toutefois, derri\u00e8re cette approche, le r\u00e9cit aborde parfois des th\u00e8mes s\u00e9rieux et peut contenir des passages susceptibles de heurter certains lecteurs.<\/p>\n\n\n\n<p>Le texte comprend notamment :<\/p>\n\n\n\n<ul class=\"wp-block-list\">\n<li>des sc\u00e8nes de violence explicite et de cruaut\u00e9;<\/li>\n\n\n\n<li>des r\u00e9f\u00e9rences au suicide;<\/li>\n\n\n\n<li>des personnages ayant recours \u00e0 des substances alt\u00e9rant l&rsquo;esprit;<\/li>\n\n\n\n<li>des moments de tension \u00e9motionnelle soutenue.<\/li>\n<\/ul>\n\n\n\n<p>Malgr\u00e9 le traitement parfois satirique, ces \u00e9l\u00e9ments ne sont pas \u00e9dulcor\u00e9s.<\/p>\n\n\n\n<figure class=\"wp-block-image size-large\"><img loading=\"lazy\" decoding=\"async\" width=\"1024\" height=\"80\" src=\"https:\/\/lostinfantasy.fr\/wp-content\/uploads\/2026\/02\/Separateur-horiz-7-1024x80.jpg\" alt=\"\" class=\"wp-image-22\" srcset=\"https:\/\/lostinfantasy.fr\/wp-content\/uploads\/2026\/02\/Separateur-horiz-7-1024x80.jpg 1024w, https:\/\/lostinfantasy.fr\/wp-content\/uploads\/2026\/02\/Separateur-horiz-7-300x23.jpg 300w, https:\/\/lostinfantasy.fr\/wp-content\/uploads\/2026\/02\/Separateur-horiz-7-768x60.jpg 768w, https:\/\/lostinfantasy.fr\/wp-content\/uploads\/2026\/02\/Separateur-horiz-7-1536x120.jpg 1536w, https:\/\/lostinfantasy.fr\/wp-content\/uploads\/2026\/02\/Separateur-horiz-7.jpg 1920w\" sizes=\"auto, (max-width: 1024px) 100vw, 1024px\" \/><\/figure>\n","protected":false},"excerpt":{"rendered":"<p>Lost in Fantasy est destin\u00e9 \u00e0 un public adulte. La narration adopte un ton marqu\u00e9 par l&rsquo;humour noir et le d\u00e9calage. Toutefois, derri\u00e8re cette approche, le r\u00e9cit aborde parfois des th\u00e8mes s\u00e9rieux et peut contenir des passages susceptibles de heurter certains lecteurs. Le texte comprend notamment : Malgr\u00e9 le traitement parfois satirique, ces \u00e9l\u00e9ments ne [&hellip;]<\/p>\n","protected":false},"author":3,"featured_media":0,"parent":0,"menu_order":0,"comment_status":"closed","ping_status":"closed","template":"","meta":{"footnotes":""},"class_list":["post-221","page","type-page","status-publish","hentry"],"jetpack_sharing_enabled":true,"_links":{"self":[{"href":"https:\/\/lostinfantasy.fr\/index.php\/wp-json\/wp\/v2\/pages\/221","targetHints":{"allow":["GET"]}}],"collection":[{"href":"https:\/\/lostinfantasy.fr\/index.php\/wp-json\/wp\/v2\/pages"}],"about":[{"href":"https:\/\/lostinfantasy.fr\/index.php\/wp-json\/wp\/v2\/types\/page"}],"author":[{"embeddable":true,"href":"https:\/\/lostinfantasy.fr\/index.php\/wp-json\/wp\/v2\/users\/3"}],"replies":[{"embeddable":true,"href":"https:\/\/lostinfantasy.fr\/index.php\/wp-json\/wp\/v2\/comments?post=221"}],"version-history":[{"count":4,"href":"https:\/\/lostinfantasy.fr\/index.php\/wp-json\/wp\/v2\/pages\/221\/revisions"}],"predecessor-version":[{"id":500,"href":"https:\/\/lostinfantasy.fr\/index.php\/wp-json\/wp\/v2\/pages\/221\/revisions\/500"}],"wp:attachment":[{"href":"https:\/\/lostinfantasy.fr\/index.php\/wp-json\/wp\/v2\/media?parent=221"}],"curies":[{"name":"wp","href":"https:\/\/api.w.org\/{rel}","templated":true}]}}