{"id":375,"date":"2026-02-20T11:34:52","date_gmt":"2026-02-20T11:34:52","guid":{"rendered":"https:\/\/lostinfantasy.fr\/?page_id=375"},"modified":"2026-03-01T19:34:19","modified_gmt":"2026-03-01T19:34:19","slug":"remerciements","status":"publish","type":"page","link":"https:\/\/lostinfantasy.fr\/index.php\/remerciements\/","title":{"rendered":"Remerciements"},"content":{"rendered":"\n<p>Nous tenions \u00e0 remercier les personnes qui ont contribu\u00e9 au projet, \u00e0 savoir Noah pour sa contribution aux r\u00e9seaux sociaux, V\u00e9ronique pour ses conseils avis\u00e9s concernant le site web et Camille pour avoir pr\u00eat\u00e9 sa voix \u00e0 la musique du teaser vid\u00e9o.<\/p>\n\n\n\n<figure class=\"wp-block-image size-large\"><img loading=\"lazy\" decoding=\"async\" width=\"1024\" height=\"80\" src=\"https:\/\/lostinfantasy.fr\/wp-content\/uploads\/2026\/02\/Separateur-horiz-7-1024x80.jpg\" alt=\"\" class=\"wp-image-22\" srcset=\"https:\/\/lostinfantasy.fr\/wp-content\/uploads\/2026\/02\/Separateur-horiz-7-1024x80.jpg 1024w, https:\/\/lostinfantasy.fr\/wp-content\/uploads\/2026\/02\/Separateur-horiz-7-300x23.jpg 300w, https:\/\/lostinfantasy.fr\/wp-content\/uploads\/2026\/02\/Separateur-horiz-7-768x60.jpg 768w, https:\/\/lostinfantasy.fr\/wp-content\/uploads\/2026\/02\/Separateur-horiz-7-1536x120.jpg 1536w, https:\/\/lostinfantasy.fr\/wp-content\/uploads\/2026\/02\/Separateur-horiz-7.jpg 1920w\" sizes=\"auto, (max-width: 1024px) 100vw, 1024px\" \/><\/figure>\n","protected":false},"excerpt":{"rendered":"<p>Nous tenions \u00e0 remercier les personnes qui ont contribu\u00e9 au projet, \u00e0 savoir Noah pour sa contribution aux r\u00e9seaux sociaux, V\u00e9ronique pour ses conseils avis\u00e9s concernant le site web et Camille pour avoir pr\u00eat\u00e9 sa voix \u00e0 la musique du teaser vid\u00e9o.<\/p>\n","protected":false},"author":3,"featured_media":0,"parent":0,"menu_order":0,"comment_status":"closed","ping_status":"closed","template":"","meta":{"footnotes":""},"class_list":["post-375","page","type-page","status-publish","hentry"],"jetpack_sharing_enabled":true,"_links":{"self":[{"href":"https:\/\/lostinfantasy.fr\/index.php\/wp-json\/wp\/v2\/pages\/375","targetHints":{"allow":["GET"]}}],"collection":[{"href":"https:\/\/lostinfantasy.fr\/index.php\/wp-json\/wp\/v2\/pages"}],"about":[{"href":"https:\/\/lostinfantasy.fr\/index.php\/wp-json\/wp\/v2\/types\/page"}],"author":[{"embeddable":true,"href":"https:\/\/lostinfantasy.fr\/index.php\/wp-json\/wp\/v2\/users\/3"}],"replies":[{"embeddable":true,"href":"https:\/\/lostinfantasy.fr\/index.php\/wp-json\/wp\/v2\/comments?post=375"}],"version-history":[{"count":4,"href":"https:\/\/lostinfantasy.fr\/index.php\/wp-json\/wp\/v2\/pages\/375\/revisions"}],"predecessor-version":[{"id":502,"href":"https:\/\/lostinfantasy.fr\/index.php\/wp-json\/wp\/v2\/pages\/375\/revisions\/502"}],"wp:attachment":[{"href":"https:\/\/lostinfantasy.fr\/index.php\/wp-json\/wp\/v2\/media?parent=375"}],"curies":[{"name":"wp","href":"https:\/\/api.w.org\/{rel}","templated":true}]}}